{"id":1384,"date":"2024-05-14T15:37:48","date_gmt":"2024-05-14T15:37:48","guid":{"rendered":"https:\/\/chm.4vlab.org\/?post_type=product&#038;p=1384"},"modified":"2024-05-16T17:44:19","modified_gmt":"2024-05-16T17:44:19","slug":"pack-6-vin-rouge-crianza","status":"publish","type":"product","link":"https:\/\/chm.4vlab.org\/?product=pack-6-vin-rouge-crianza&lang=fr","title":{"rendered":"Pack 6 &#8211; Vin Rouge Crianza"},"content":{"rendered":"<p>Imaginez un vin rouge Crianza de Navarre qui \u00e9veille les sens d\u00e8s l&#8217;instant o\u00f9 vous le voyez dans le verre. Sa robe profonde et brillante, aux reflets rubis, laisse deviner sa riche complexit\u00e9. Au nez, il d\u00e9ploie un bouquet captivant d&#8217;ar\u00f4mes intenses de fruits rouges m\u00fbrs tels que la cerise et la m\u00fbre, entrelac\u00e9s de d\u00e9licates notes \u00e9pic\u00e9es de vanille et de cannelle dues \u00e0 son vieillissement en f\u00fbts de ch\u00eane.<\/p>\n<p>Au fil des gorg\u00e9es, sa texture soyeuse enveloppe le palais et r\u00e9v\u00e8le une combinaison harmonieuse de saveurs qui t\u00e9moignent de son processus de vinification minutieux. Des notes de fruits m\u00fbrs se m\u00ealent \u00e0 de subtiles touches de ch\u00eane, apportant complexit\u00e9 et \u00e9l\u00e9gance \u00e0 chaque gorg\u00e9e. Son acidit\u00e9 \u00e9quilibr\u00e9e et ses tanins souples offrent une bouche ample qui invite \u00e0 savourer chaque nuance avec d\u00e9lice.<\/p>\n","protected":false},"excerpt":{"rendered":"<p>Eguzki Crianza 2021, Cabernet Sauvignon, Merlot, Graciano, Garnacha et Syrah, \u00e9lev\u00e9 pendant 14 mois en f\u00fbts de ch\u00eane fran\u00e7ais. C&#8217;est le compagnon id\u00e9al d&#8217;une soir\u00e9e sp\u00e9ciale ou d&#8217;un repas gastronomique. Son caract\u00e8re raffin\u00e9 et sa finale persistante en font un choix irr\u00e9sistible pour ceux qui souhaitent d\u00e9guster un vin de qualit\u00e9 qui capture l&#8217;essence m\u00eame de la r\u00e9gion de Navarre \u00e0 chaque gorg\u00e9e.<\/p>\n<p><br style=\"font-weight: 400;\" \/><br style=\"font-weight: 400;\" \/><\/p>\n","protected":false},"featured_media":765,"comment_status":"open","ping_status":"closed","template":"","meta":[],"product_cat":[169],"product_tag":[],"_links":{"self":[{"href":"https:\/\/chm.4vlab.org\/index.php?rest_route=\/wp\/v2\/product\/1384"}],"collection":[{"href":"https:\/\/chm.4vlab.org\/index.php?rest_route=\/wp\/v2\/product"}],"about":[{"href":"https:\/\/chm.4vlab.org\/index.php?rest_route=\/wp\/v2\/types\/product"}],"replies":[{"embeddable":true,"href":"https:\/\/chm.4vlab.org\/index.php?rest_route=%2Fwp%2Fv2%2Fcomments&post=1384"}],"wp:featuredmedia":[{"embeddable":true,"href":"https:\/\/chm.4vlab.org\/index.php?rest_route=\/wp\/v2\/media\/765"}],"wp:attachment":[{"href":"https:\/\/chm.4vlab.org\/index.php?rest_route=%2Fwp%2Fv2%2Fmedia&parent=1384"}],"wp:term":[{"taxonomy":"product_cat","embeddable":true,"href":"https:\/\/chm.4vlab.org\/index.php?rest_route=%2Fwp%2Fv2%2Fproduct_cat&post=1384"},{"taxonomy":"product_tag","embeddable":true,"href":"https:\/\/chm.4vlab.org\/index.php?rest_route=%2Fwp%2Fv2%2Fproduct_tag&post=1384"}],"curies":[{"name":"wp","href":"https:\/\/api.w.org\/{rel}","templated":true}]}}