{"id":1435,"date":"2024-05-14T15:39:18","date_gmt":"2024-05-14T15:39:18","guid":{"rendered":"https:\/\/chm.4vlab.org\/?post_type=product&#038;p=1435"},"modified":"2024-05-16T17:44:01","modified_gmt":"2024-05-16T17:44:01","slug":"pack-6-vin-rouge-reserva","status":"publish","type":"product","link":"https:\/\/chm.4vlab.org\/?product=pack-6-vin-rouge-reserva&lang=fr","title":{"rendered":"Pack 6 &#8211; Vin Rouge Reserva"},"content":{"rendered":"<p>Le vin rouge Reserva de qualit\u00e9 sup\u00e9rieure avec l&#8217;appellation d&#8217;origine Navarra est un v\u00e9ritable bijou \u0153nologique qui allie la tradition \u00e0 l&#8217;excellence \u0153nologique. \u00c9labor\u00e9 avec minutie et passion, ce vin refl\u00e8te \u00e0 chaque gorg\u00e9e le caract\u00e8re unique de la r\u00e9gion de Navarre.<\/p>\n<p>Sa couleur est profonde et vibrante, avec des nuances allant d&#8217;un rouge rubis profond \u00e0 des tons plus grenat sur le bord du verre, ce qui laisse pr\u00e9sager de sa complexit\u00e9 et de sa structure. En portant le verre au nez, un bouquet captivant et sophistiqu\u00e9 se d\u00e9ploie, o\u00f9 les ar\u00f4mes de fruits rouges m\u00fbrs tels que la cerise et la framboise se m\u00ealent \u00e0 des notes subtiles de vanille, de tabac et d&#8217;\u00e9pices, r\u00e9sultat d&#8217;un vieillissement en f\u00fbts de ch\u00eane.<\/p>\n<p>En bouche, ce vin Reserva de Navarra s\u00e9duit par son \u00e9quilibre et son \u00e9l\u00e9gance. Son corps est robuste mais harmonieux, avec des tanins soyeux qui enveloppent le palais d&#8217;une texture douce et velout\u00e9e. Les ar\u00f4mes de fruits se m\u00ealent au ch\u00eane bien int\u00e9gr\u00e9, apportant complexit\u00e9 et profondeur \u00e0 chaque gorg\u00e9e. La finale est longue et persistante, laissant une agr\u00e9able sensation de satisfaction sur le palais et un souvenir durable dans les papilles gustatives.<\/p>\n","protected":false},"excerpt":{"rendered":"<div class=\"page\" title=\"Page 5\">\n<div class=\"section\">\n<div class=\"layoutArea\">\n<div class=\"column\">\n<p>L&#8217;Eguzki Reserva 2019, \u00e9labor\u00e9 \u00e0 partir de Graciano, Cabernet, Syrah et d&#8217;autres c\u00e9pages, est vieilli pendant 14 mois en f\u00fbts de ch\u00eane, puis mis en bouteille pendant 24 mois avant sa sortie. Ce vin rouge de r\u00e9serve est pr\u00e9sent\u00e9 dans une bouteille \u00e9l\u00e9gante, avec une \u00e9tiquette qui refl\u00e8te la passion et le d\u00e9vouement de g\u00e9n\u00e9rations de vignerons qui ont pris soin de chaque d\u00e9tail pour vous offrir le meilleur de leur art.<\/p>\n<\/div>\n<\/div>\n<\/div>\n<\/div>\n","protected":false},"featured_media":847,"comment_status":"open","ping_status":"closed","template":"","meta":[],"product_cat":[169],"product_tag":[],"_links":{"self":[{"href":"https:\/\/chm.4vlab.org\/index.php?rest_route=\/wp\/v2\/product\/1435"}],"collection":[{"href":"https:\/\/chm.4vlab.org\/index.php?rest_route=\/wp\/v2\/product"}],"about":[{"href":"https:\/\/chm.4vlab.org\/index.php?rest_route=\/wp\/v2\/types\/product"}],"replies":[{"embeddable":true,"href":"https:\/\/chm.4vlab.org\/index.php?rest_route=%2Fwp%2Fv2%2Fcomments&post=1435"}],"wp:featuredmedia":[{"embeddable":true,"href":"https:\/\/chm.4vlab.org\/index.php?rest_route=\/wp\/v2\/media\/847"}],"wp:attachment":[{"href":"https:\/\/chm.4vlab.org\/index.php?rest_route=%2Fwp%2Fv2%2Fmedia&parent=1435"}],"wp:term":[{"taxonomy":"product_cat","embeddable":true,"href":"https:\/\/chm.4vlab.org\/index.php?rest_route=%2Fwp%2Fv2%2Fproduct_cat&post=1435"},{"taxonomy":"product_tag","embeddable":true,"href":"https:\/\/chm.4vlab.org\/index.php?rest_route=%2Fwp%2Fv2%2Fproduct_tag&post=1435"}],"curies":[{"name":"wp","href":"https:\/\/api.w.org\/{rel}","templated":true}]}}