{"id":1476,"date":"2024-05-14T15:43:04","date_gmt":"2024-05-14T15:43:04","guid":{"rendered":"https:\/\/chm.4vlab.org\/?post_type=product&#038;p=1476"},"modified":"2024-06-03T09:25:53","modified_gmt":"2024-06-03T09:25:53","slug":"pack-6-vino-blanc-verdejo","status":"publish","type":"product","link":"https:\/\/chm.4vlab.org\/?product=pack-6-vino-blanc-verdejo&lang=fr","title":{"rendered":"Pack 6 &#8211; Vin Blanc Verdejo"},"content":{"rendered":"<p>Le vin blanc \u00e9labor\u00e9 \u00e0 partir du raisin Verdejo et b\u00e9n\u00e9ficiant de l&#8217;appellation d&#8217;origine Navarra est un v\u00e9ritable joyau \u0153nologique qui refl\u00e8te l&#8217;excellence de la r\u00e9gion et la singularit\u00e9 de ce c\u00e9page. Ce vin se caract\u00e9rise par sa fra\u00eecheur, son \u00e9l\u00e9gance et sa complexit\u00e9 aromatique.<\/p>\n<p>Lorsqu&#8217;il est vers\u00e9 dans le verre, il pr\u00e9sente une couleur jaune p\u00e2le avec des reflets verts, qui \u00e9voque la jeunesse et la vitalit\u00e9. Au nez, il pr\u00e9sente un parfum intense de fruits tropicaux tels que l&#8217;ananas et le fruit de la passion, accompagn\u00e9 de notes d&#8217;agrumes (citron vert et pamplemousse). On per\u00e7oit \u00e9galement des ar\u00f4mes subtils d&#8217;herbes et de fleurs qui ajoutent de la profondeur et de la fra\u00eecheur \u00e0 l&#8217;ensemble.<\/p>\n<p>En bouche, ce vin r\u00e9v\u00e8le une structure \u00e9quilibr\u00e9e, avec une acidit\u00e9 vibrante qui lui conf\u00e8re fra\u00eecheur et vivacit\u00e9. Son corps moyen pr\u00e9sente une texture soyeuse qui enveloppe le palais, tandis que les saveurs fruit\u00e9es sont compl\u00e9t\u00e9es par des notes herbac\u00e9es et min\u00e9rales qui se prolongent dans une finale longue et rafra\u00eechissante.<\/p>\n<p>Ce vin blanc Verdejo de Navarre est id\u00e9al pour accompagner une grande vari\u00e9t\u00e9 de plats, depuis les fruits de mer et le poisson frais jusqu&#8217;aux salades, aux fromages \u00e0 p\u00e2te molle et \u00e0 la cuisine m\u00e9diterran\u00e9enne. Sa polyvalence et son \u00e9l\u00e9gance en font un choix parfait pour c\u00e9l\u00e9brer des moments sp\u00e9ciaux ou simplement pour le d\u00e9guster en bonne compagnie.<\/p>\n","protected":false},"excerpt":{"rendered":"<p>Vin blanc Eguzki \u00e9labor\u00e9 \u00e0 partir de raisins Verdejo. Seul le jus de goutte du raisin Verdejo est utilis\u00e9, ferment\u00e9 dans des cuves en acier inoxydable \u00e0 une temp\u00e9rature de 16\u00baC, afin d&#8217;obtenir des vins tr\u00e8s aromatiques et d\u00e9licats. B\u00e9n\u00e9ficiant de l&#8217;appellation d&#8217;origine Navarra, il s&#8217;agit d&#8217;une expression exquise de fra\u00eecheur et d&#8217;\u00e9l\u00e9gance. Avec des ar\u00f4mes de fruits blancs et des notes herbac\u00e9es, sa saveur est vibrante et \u00e9quilibr\u00e9e, avec une acidit\u00e9 rafra\u00eechissante qui rehausse son caract\u00e8re. Il est parfait pour accompagner les fruits de mer, le poisson ou simplement pour \u00eatre d\u00e9gust\u00e9 en bonne compagnie.<\/p>\n","protected":false},"featured_media":849,"comment_status":"open","ping_status":"closed","template":"","meta":[],"product_cat":[175],"product_tag":[],"_links":{"self":[{"href":"https:\/\/chm.4vlab.org\/index.php?rest_route=\/wp\/v2\/product\/1476"}],"collection":[{"href":"https:\/\/chm.4vlab.org\/index.php?rest_route=\/wp\/v2\/product"}],"about":[{"href":"https:\/\/chm.4vlab.org\/index.php?rest_route=\/wp\/v2\/types\/product"}],"replies":[{"embeddable":true,"href":"https:\/\/chm.4vlab.org\/index.php?rest_route=%2Fwp%2Fv2%2Fcomments&post=1476"}],"wp:featuredmedia":[{"embeddable":true,"href":"https:\/\/chm.4vlab.org\/index.php?rest_route=\/wp\/v2\/media\/849"}],"wp:attachment":[{"href":"https:\/\/chm.4vlab.org\/index.php?rest_route=%2Fwp%2Fv2%2Fmedia&parent=1476"}],"wp:term":[{"taxonomy":"product_cat","embeddable":true,"href":"https:\/\/chm.4vlab.org\/index.php?rest_route=%2Fwp%2Fv2%2Fproduct_cat&post=1476"},{"taxonomy":"product_tag","embeddable":true,"href":"https:\/\/chm.4vlab.org\/index.php?rest_route=%2Fwp%2Fv2%2Fproduct_tag&post=1476"}],"curies":[{"name":"wp","href":"https:\/\/api.w.org\/{rel}","templated":true}]}}