{"id":851,"date":"2024-05-13T10:25:59","date_gmt":"2024-05-13T10:25:59","guid":{"rendered":"https:\/\/chm.4vlab.org\/?post_type=product&#038;p=851"},"modified":"2024-06-03T09:25:53","modified_gmt":"2024-06-03T09:25:53","slug":"pack-6-vino-blanco-chardonnay","status":"publish","type":"product","link":"https:\/\/chm.4vlab.org\/?product=pack-6-vino-blanco-chardonnay","title":{"rendered":"Pack 6 &#8211; Vino Blanco Chardonnay"},"content":{"rendered":"<p>El vino blanco Chardonnay con denominaci\u00f3n de origen Navarra es una expresi\u00f3n \u00fanica de la regi\u00f3n, que combina la tradici\u00f3n vitivin\u00edcola de Navarra con la versatilidad y elegancia caracter\u00edstica de la uva Chardonnay. Este vino se distingue por su color dorado p\u00e1lido y brillante, que invita a explorar sus aromas delicados y complejos.<\/p>\n<p>En la nariz, se puede percibir una amalgama de notas frutales, que van desde la manzana verde y el melocot\u00f3n hasta la pi\u00f1a tropical, acompa\u00f1adas de sutiles toques florales y un ligero toque de vainilla proveniente de su paso por barrica. En boca, revela una estructura bien equilibrada, con una acidez refrescante que realza la frescura de sus sabores frutales y una textura sedosa que envuelve el paladar con cada sorbo.<\/p>\n<p>Su final es persistente y elegante, dejando una sensaci\u00f3n de satisfacci\u00f3n y una ligera mineralidad que refleja la riqueza del terru\u00f1o navarro. Este Chardonnay navarro es el compa\u00f1ero perfecto para una amplia variedad de platos, desde mariscos frescos y pescados a la parrilla hasta aves de corral y ensaladas de verano. Es un vino que deleita los sentidos y eleva cualquier ocasi\u00f3n con su sofisticaci\u00f3n y car\u00e1cter distintivo.<\/p>\n","protected":false},"excerpt":{"rendered":"<p><span class=\"OYPEnA text-decoration-none text-strikethrough-none\">Eguzki blanco variedad con uva chardonnay, elaborado con uva chardonnay, con maduraci\u00f3n de 4 meses en barricas de roble franc\u00e9s y battonages peri\u00f3dicos. Adem\u00e1s, con denominaci\u00f3n de origen navarro es un elixir que combina la frescura y la elegancia. Su color amarillo p\u00e1lido revela notas arom\u00e1ticas a frutas tropicales y c\u00edtricos, con delicados toques de vainilla y mantequilla gracias a su paso por barrica. En boca, es equilibrado, con una acidez refrescante y un final largo y sedoso que invita a seguir disfrutando. Es un vino que refleja la excelencia de los vi\u00f1edos de Navarra y el cuidado proceso de elaboraci\u00f3n.<\/span><\/p>\n","protected":false},"featured_media":849,"comment_status":"open","ping_status":"closed","template":"","meta":[],"product_cat":[171],"product_tag":[],"_links":{"self":[{"href":"https:\/\/chm.4vlab.org\/index.php?rest_route=\/wp\/v2\/product\/851"}],"collection":[{"href":"https:\/\/chm.4vlab.org\/index.php?rest_route=\/wp\/v2\/product"}],"about":[{"href":"https:\/\/chm.4vlab.org\/index.php?rest_route=\/wp\/v2\/types\/product"}],"replies":[{"embeddable":true,"href":"https:\/\/chm.4vlab.org\/index.php?rest_route=%2Fwp%2Fv2%2Fcomments&post=851"}],"wp:featuredmedia":[{"embeddable":true,"href":"https:\/\/chm.4vlab.org\/index.php?rest_route=\/wp\/v2\/media\/849"}],"wp:attachment":[{"href":"https:\/\/chm.4vlab.org\/index.php?rest_route=%2Fwp%2Fv2%2Fmedia&parent=851"}],"wp:term":[{"taxonomy":"product_cat","embeddable":true,"href":"https:\/\/chm.4vlab.org\/index.php?rest_route=%2Fwp%2Fv2%2Fproduct_cat&post=851"},{"taxonomy":"product_tag","embeddable":true,"href":"https:\/\/chm.4vlab.org\/index.php?rest_route=%2Fwp%2Fv2%2Fproduct_tag&post=851"}],"curies":[{"name":"wp","href":"https:\/\/api.w.org\/{rel}","templated":true}]}}